ue
Is 68 a factor of 2108?
True
Is 26 a factor of 10511?
False
Is 37536 a multiple of 9?
False
Does 24 divide 96?
True
Is 67 a multiple of 2?
False
Is 65 a factor of 8542?
False
Is 13 a factor of 33878?
True
Is 11 a factor of 14816?
False
Does 7 divide 2451?
False
Is 9533 a multiple of 46?
False
Is 12 a factor of 3444?
True
Does 63 divide 3365?
False
Is 5285 a multiple of 52?
False
Is 632 a multiple of 75?
False
Is 38801 a multiple of 161?
True
Does 26 divide 7275?
False
Is 52720 a multiple of 17?
False
Is 266 a factor of 53629?
False
Is 9 a factor of 6525?
True
Is 20009 a multiple of 141?
False
Is 19 a factor of 2508?
True
Is 896 a multiple of 61?
False
Does 101 divide 7083?
False
Does 30 divide 540?
True
Is 22 a factor of 5324?
True
Is 14 a factor of 7331?
False
Is 3 a factor of 5065?
False
Is 29 a factor of 1015?
True
Is 27126 a multiple of 31?
False
Does 23 divide 433?
False
Does 20 divide 200?
True
Does 162 divide 1944?
True
Does 26 divide 566?
False
Is 5 a factor of 6836?
False
Is 16 a factor of 1696?
True
Is 1005 a multiple of 43?
False
Does 33 divide 2442?
True
Is 331 a multiple of 3?
False
Is 56861 a multiple of 79?
False
Does 207 divide 105777?
True
Does 14 divide 497?
False
Is 11 a factor of 239?
False
Is 98 a factor of 8722?
True
Is 2940 a multiple of 84?
True
Is 21384 a multiple of 198?
True
Does 3 divide 7448?
False
Is 280 a multiple of 35?
True
Does 9 divide 1983?
False
Is 46500 a multiple of 125?
True
Is 7360 a multiple of 23?
True
Does 63 divide 2767?
False
Is 4290 a multiple of 65?
True
Does 52 divide 3794?
False
Is 23 a factor of 3036?
True
Does 58 divide 9022?
False
Is 28884 a multiple of 58?
True
Is 2017 a multiple of 68?
False
Is 66 a factor of 15444?
True
Is 29 a factor of 7192?
True
Is 16 a factor of 423?
False
Is 21 a factor of 6321?
True
Is 14 a factor of 1474?
False
Is 16 a factor of 5143?
False
Is 5304 a multiple of 78?
True
Does 4 divide 14143?
False
Is 48 a factor of 528?
True
Is 491 a multiple of 4?
False
Is 4 a factor of 475?
False
Is 49 a factor of 77509?
False
Is 46240 a multiple of 226?
False
Is 3 a factor of 7907?
False
Is 52 a factor of 698?
False
Is 35644 a multiple of 133?
True
Is 109 a multiple of 6?
False
Is 6879 a multiple of 84?
False
Is 9 a factor of 270?
True
Does 41 divide 14637?
True
Is 58235 a multiple of 9?
False
Is 242 a multiple of 2?
True
Is 47 a factor of 1227?
False
Is 68 a factor of 2576?
False
Is 15450 a multiple of 28?
False
Is 13356 a multiple of 28?
True
Is 61 a factor of 4417?
False
Is 152 a multiple of 38?
True
Does 103 divide 39045?
False
Does 14 divide 294?
True
Is 900 a multiple of 25?
True
Does 47 divide 3914?
False
Is 3315 a multiple of 15?
True
Does 8 divide 311?
False
Is 21 a factor of 18875?
False
Is 51688 a multiple of 149?
False
Is 11 a factor of 682?
True
Does 7 divide 30177?
True
Does 38 divide 65246?
True
Does 22 divide 193?
False
Is 47190 a multiple of 10?
True
Is 90 a factor of 547?
False
Is 1465 a multiple of 9?
False
Does 2 divide 6477?
False
Is 42 a factor of 1470?
True
Is 7229 a multiple of 151?
False
Is 52 a factor of 5928?
True
Is 1050 a multiple of 15?
True
Does 24 divide 4272?
True
Does 5 divide 140?
True
Does 69 divide 4140?
True
Does 50 divide 18350?
True
Does 6 divide 1261?
False
Does 12 divide 7407?
False
Is 230 a multiple of 2?
True
Is 7 a factor of 248?
False
Is 15 a factor of 15045?
True
Is 337 a multiple of 2?
False
Is 1123 a multiple of 89?
False
Is 8 a factor of 8696?
True
Is 117 a multiple of 9?
True
Does 25 divide 46108?
False
Does 69 divide 11937?
True
Is 1720 a multiple of 53?
False
Is 11 a factor of 902?
True
Does 24 divide 4548?
False
Is 585 a multiple of 13?
True
Does 11 divide 770?
True
Does 9 divide 3810?
False
Is 163 a factor of 9454?
True
Is 1558 a multiple of 41?
True
Is 2016 a multiple of 94?
False
Is 38359 a multiple of 8?
False
Is 6 a factor of 3218?
False
Does 66 divide 1782?
True
Is 10 a factor of 3992?
False
Is 380 a multiple of 19?
True
Is 7854 a multiple of 42?
True
Is 39 a factor of 1336?
False
Is 26 a factor of 2756?
True
Is 72890 a multiple of 74?
True
Is 9171 a multiple of 111?
False
Is 8 a factor of 1168?
True
Does 8 divide 7504?
True
Is 80 a multiple of 40?
True
Is 45408 a multiple of 129?
True
Is 535 a multiple of 22?
False
Does 13 divide 891?
False
Is 28 a factor of 504?
True
Is 46 a factor of 184?
True
Is 8480 a multiple of 40?
True
Is 26 a factor of 1300?
True
Does 4 divide 121?
False
Is 248 a factor of 10664?
True
Is 8475 a multiple of 5?
True
Is 67172 a multiple of 28?
True
Is 11 a factor of 1881?
True
Does 168 divide 5592?
False
Is 23 a factor of 16100?
True
Is 18088 a multiple of 34?
True
Does 11 divide 1006?
False
Is 16780 a multiple of 109?
False
Does 5 divide 30?
True
Is 304 a factor of 10032?
True
Is 2167 a multiple of 43?
False
Is 6 a factor of 1273?
False
Is 13 a factor of 2171?
True
Is 106 a factor of 6572?
True
Is 40 a factor of 680?
True
Does 13 divide 12990?
False
Does 2 divide 437?
False
Does 49 divide 196?
True
Is 9 a factor of 3165?
False
Is 637 a multiple of 6?
False
Does 15 divide 33618?
False
Is 14 a factor of 4533?
False
Does 9 divide 5607?
True
Does 31 divide 867?
False
Is 858 a multiple of 6?
True
Is 13 a factor of 122655?
True
Does 17 divide 2038?
False
Is 6324 a multiple of 68?
True
Does 120 divide 471?
False
Is 10 a factor of 70?
True
Does 3 divide 9382?
False
Is 735 a multiple of 21?
True
Does 148 divide 25700?
False
Is 7150 a multiple of 65?
True
Is 30 a factor of 240?
True
Is 24 a factor of 315?
False
Is 191 a factor of 55008?
True
Is 770 a multiple of 23?
False
Is 39 a factor of 4762?
False
Is 9845 a multiple of 11?
True
Is 4037 a multiple of 13?
False
Does 26 divide 13223?
False
Is 1185 a multiple of 6?
False
Does 17 divide 1971?
False
Does 13 divide 767?
True
Is 38324 a multiple of 23?
False
Is 63543 a multiple of 16?
False
Does 11 divide 11275?
True
Is 44 a factor of 1616?
False
Does 11 divide 4147?
True
Is 24 a factor of 816?
True
Is 19116 a multiple of 36?
True
Does 235 divide 45355?
True
Is 2 a factor of 6?
True
Does 20 divide 245?
False
Is 186 a factor of 1295?
False
Is 750 a multiple of 21?
False
Is 4350 a multiple of 58?
True
Does 25 divide 263?
False
Is 5649 a multiple of 16?
False
Is 1422 a multiple of 79?
True
Is 9 a factor of 675?
True
Does 130 divide 8440?
False
Is 68 a factor of 2856?
True
Is 11143 a multiple of 134?
False
Is 60 a factor of 3499?
False
Does 47 divide 15742?
False
Is 3452 a multiple of 51?
False
Is 2786 a multiple of 14?
True
Does 44 divide 5676?
True
Is 5 a factor of 7446?
False
Is 20 a factor of 8882?
False
Is 12 a factor of 4596?
True
Is 33770 a multiple of 22?
True
Is 289 a factor of 289?
True
Is 13 a factor of 4641?
True
Does 6 divide 2792?
False
Is 33425 a multiple of 16?
False
Is 34160 a multiple of 14?
True
Is 16 a factor of 3472?
True
Is 19593 a multiple of 63?
True
Does 54 divide 810?
True
Is 40 a factor of 3898?
False
Is 359 even?
False
Is 20 a factor of 3293?
False
Is 2000 a multiple of 40?
True
Is 3366 a multiple of 198?
True
Is 26 a factor of 16926?
True
Is 70 a factor of 1050?
True
Is 846 a multiple of 11?
False
Is 4807 a multiple of 19?
True
Is 24 a factor of 336?
True
Is 63 a factor of 63?
True
Does 26 divide 442?
True
Is 68043 a multiple of 13?
False
Does 2 divide 26?
True
Is 10 a factor of 21070?
True
Is 13 a factor of 269?
False
Does 45 divide 33840?
True
Is 2112 a multiple of 96?
True
Is 22 a factor of 1349?
False
Is 13 a factor of 171?
False
Is 1836 a multiple of 9?
True
Is 21 a factor of 1858?
False
Is 9 a factor of 41?
False
Does 35 divide 385?
True
Does 44 divide 13068?
True
Is 158 a factor of 31206?
False
Is 7334 a multiple of 193?
True
Is 14800 a multiple of 14?
False
Does 6 divide 3706?
False
Is 5718 a multiple of 13?
False
Is 4974 a multiple of 18?
False
Is 6278 a multiple of 43?
True
Is 565 a multiple of 5?
True
Is 3 a factor of 38?
False
Does 30 divide 1656?
False
Is 23 a factor of 33971?
True
Is 48 a factor of 609?
False
Is 10788 a multiple of 93?
True
Is 60 a factor of 6122?
False
Is 79 a factor of 3713?
True
Is 1881 a multiple of 9?
True
Is 1440 a multiple of 72?
True
Is 17782 a multiple of 17?
True
Is 138 a multiple of 3?
True
Does 8 divide 88?
True
Is 598 a multiple of 5?
False
Is 57 a factor of 4414?
False
Does 16 divide